{"id":40,"date":"2020-05-31T16:16:45","date_gmt":"2020-05-31T14:16:45","guid":{"rendered":"http:\/\/papier-crayon.com\/?page_id=40"},"modified":"2020-06-05T09:35:54","modified_gmt":"2020-06-05T07:35:54","slug":"formation","status":"publish","type":"page","link":"https:\/\/papier-crayon.com\/index.php\/formation\/","title":{"rendered":"La formation \u00e0 la p\u00e9dagogie de l&rsquo; \u00e9criture"},"content":{"rendered":"\n<p class=\"has-medium-font-size\"><strong>La formation \u00e0 la p\u00e9dagogie de l&rsquo;\u00e9criture s&rsquo;adresse en priorit\u00e9 aux<\/strong> <strong>enseignants de maternelle et d&rsquo;\u00e9l\u00e9mentaire ou bien aux parents ayant fait le choix de l&rsquo;instruction \u00e0 domicile.<\/strong><\/p>\n\n\n\n<div class=\"wp-block-media-text alignwide is-stacked-on-mobile\" style=\"grid-template-columns:32% auto\"><figure class=\"wp-block-media-text__media\"><img loading=\"lazy\" width=\"1024\" height=\"848\" src=\"http:\/\/papier-crayon.com\/wp-content\/uploads\/2020\/06\/20SUR20-1024x848.jpg\" alt=\"\" class=\"wp-image-268\" srcset=\"https:\/\/papier-crayon.com\/wp-content\/uploads\/2020\/06\/20SUR20-1024x848.jpg 1024w, https:\/\/papier-crayon.com\/wp-content\/uploads\/2020\/06\/20SUR20-300x248.jpg 300w, https:\/\/papier-crayon.com\/wp-content\/uploads\/2020\/06\/20SUR20-768x636.jpg 768w, https:\/\/papier-crayon.com\/wp-content\/uploads\/2020\/06\/20SUR20.jpg 1168w\" sizes=\"(max-width: 1024px) 100vw, 1024px\" \/><\/figure><div class=\"wp-block-media-text__content\">\n<p class=\"has-medium-font-size\">Parce que les enseignants ont \u00e0 coeur de donner \u00e0 leurs \u00e9l\u00e8ves toutes les chances de r\u00e9ussir, je les forme \u00e0 une m\u00e9thode fond\u00e9e sur la compr\u00e9hension du syst\u00e8me d&rsquo;\u00e9criture et de son fonctionnement. Partant d&rsquo;activit\u00e9s pr\u00e9paratoires qui mettent en \u0153uvre la <strong>diff\u00e9renciation et la transversalit\u00e9<\/strong>, elle aboutit \u00e0 l&rsquo;acquisition d&rsquo;une \u00e9criture r\u00e9ussie et qui fait sens.<\/p>\n<\/div><\/div>\n\n\n\n<div style=\"height:20px\" aria-hidden=\"true\" class=\"wp-block-spacer\"><\/div>\n\n\n\n<p class=\"has-medium-font-size\">Les formations peuvent avoir plusieurs modalit\u00e9s:<\/p>\n\n\n\n<p class=\"has-medium-font-size\">&#8211; en intra c&rsquo;est dire au sein m\u00eame de l&rsquo; \u00e9cole entre les enseignants de cette \u00e9cole exclusivement<\/p>\n\n\n\n<p class=\"has-medium-font-size\">&#8211; en inter c&rsquo;est dire dans un lieu ext\u00e9rieur en partage avec d&rsquo;autres personnes.<\/p>\n\n\n\n<div class=\"wp-block-buttons\">\n<div class=\"wp-block-button\"><a class=\"wp-block-button__link\">les formations<\/a><\/div>\n\n\n\n<div class=\"wp-block-button\"><a class=\"wp-block-button__link\">prendre contact<\/a><\/div>\n<\/div>\n","protected":false},"excerpt":{"rendered":"<p>La formation \u00e0 la p\u00e9dagogie de l&rsquo;\u00e9criture s&rsquo;adresse en priorit\u00e9 aux enseignants de maternelle et d&rsquo;\u00e9l\u00e9mentaire ou bien aux parents&hellip; <\/p>\n","protected":false},"author":1,"featured_media":0,"parent":0,"menu_order":0,"comment_status":"closed","ping_status":"closed","template":"","meta":[],"_links":{"self":[{"href":"https:\/\/papier-crayon.com\/index.php\/wp-json\/wp\/v2\/pages\/40"}],"collection":[{"href":"https:\/\/papier-crayon.com\/index.php\/wp-json\/wp\/v2\/pages"}],"about":[{"href":"https:\/\/papier-crayon.com\/index.php\/wp-json\/wp\/v2\/types\/page"}],"author":[{"embeddable":true,"href":"https:\/\/papier-crayon.com\/index.php\/wp-json\/wp\/v2\/users\/1"}],"replies":[{"embeddable":true,"href":"https:\/\/papier-crayon.com\/index.php\/wp-json\/wp\/v2\/comments?post=40"}],"version-history":[{"count":8,"href":"https:\/\/papier-crayon.com\/index.php\/wp-json\/wp\/v2\/pages\/40\/revisions"}],"predecessor-version":[{"id":271,"href":"https:\/\/papier-crayon.com\/index.php\/wp-json\/wp\/v2\/pages\/40\/revisions\/271"}],"wp:attachment":[{"href":"https:\/\/papier-crayon.com\/index.php\/wp-json\/wp\/v2\/media?parent=40"}],"curies":[{"name":"wp","href":"https:\/\/api.w.org\/{rel}","templated":true}]}}